+ -22 - -40).
-15
Evaluate -2 - (-32 + 9 + 8).
13
What is the value of 0 - (-3 - (12 - 6))?
9
(-8 - -7) + (1 - (14 - (0 - -3)))
-11
Calculate -11 - (-5 + (-20 - -14 - -9)).
-9
What is (-1 - -1 - -4) + 286 + -290 - 16?
-16
What is the value of 29 + 7 + -75 + 21?
-18
Evaluate -16 - (-6 + -8 + -7 + 15).
-10
What is the value of (-8 + -12 - -19 - (-7 + 0)) + -16?
-10
What is -6 + (25 - (8 + -8 + 12))?
7
Evaluate 11 + (-9 - 21) + 10.
-9
What is -2 + 2 + (6 - (26 - 17))?
-3
Evaluate 1 - 8 - 0 - (-407 + 407).
-7
What is 1 - (-5 - ((5 - 6) + -4)) - -1?
2
Calculate (7 - 24) + 18 + 2.
3
What is -10 + (8 - -14) + -6?
6
(0 - 32) + (255 - 255)
-32
Evaluate 3 + (-5 - (5 + (2 - 9)) - -3).
3
Evaluate -7 + (0 + 4 - 5) + 5 + -10.
-13
What is the value of -6 + 7 + (-9 - -6)?
-2
Calculate 20 - 19 - (-7 - -3 - -3).
2
Evaluate 19 + (18 + 0 - 26).
11
What is (24 - 20 - (-1 + 5)) + 1?
1
What is (-24 - (6 + (8 - 10))) + 1?
-27
What is the value of -10 - 0 - (0 + 19 + -169 + 163)?
-23
Calculate -7 + (6 - -1) + (-6 - 10) + 5.
-11
Calculate 22 + 16 + (10 - 39).
9
-20 - (-32 - (41 - 44))
9
What is the value of -18 + 35 + -42 + 2 + 3?
-20
Evaluate -2 + (36 + -18 - 11) - (4 - -1).
0
-15 - (-5 + 29 + -33)
-6
-13 + (1 - (-13 + 9))
-8
12 + 15 + -12 + 1
16
Calculate -2 - (6 + (1 - (2 - (-5 - 11)))).
9
Evaluate 18 - -5 - (16 + -15 - 6).
28
What is the value of 0 + -1 + -2 + -3 + 14 + -9?
-1
Evaluate 1 + -1 + -1 + (60 - 73 - -1).
-13
What is the value of -2 + -6 - ((1 - 17) + (-3 - -7))?
4
(-2 - -1) + (-5 - (-6 + 10))
-10
913 - 922 - (-1 - 1)
-7
11 + (20 - (-28 + 83))
-24
Calculate (2 - 0 - ((15 - 1) + -17)) + 5.
10
What is the value of 8 + -3 + 4 + -27 + 6?
-12
What is -5 + 0 - 16 - -17?
-4
Evaluate (-1 - 8) + 0 - (1249 - 1244).
-14
Evaluate -5 - (-1 + -6 + 4).
-2
Evaluate -19 - (-32 + -26 + 8).
31
Evaluate (4 - (-4 + -3 + (31 - -4))) + 8.
-16
-5 + (6 - 10) + 9 + -3
-3
What is (-125 - -126) + 8 + 3 + -6?
6
Evaluate -2 + (2 - -2) - (10 - 3) - -1.
-4
6 - 34 - (-16 - -4 - 3)
-13
Calculate (2 - (3 - 1)) + 2 + (-10 - -12).
4
11 - ((-1 - (-7 + 18)) + -5)
28
-20 - ((3 - -10) + -9)
-24
Calculate (2 + -5 - (-11 + 22 - 16)) + 0.
2
Calculate 13 + -4 - ((12 - 24) + 7).
14
Evaluate 12 - -1 - 3 - (120 + -130).
20
What is the value of 5 + -8 + -17 + -2 + -2 + 7?
-17
What is the value of -10 + 12 - ((-13 - (1 + -4)) + 3)?
9
What is the value of 4 - (11 + -11 + (2 - -20))?
-18
What is the value of 1 + -2 - (8 + (-14 - -12)) - 12?
-19
What is the value of -18 + (17 - (7 - 16))?
8
What is the value of (-5 + (-9 - -12) + 4 - -5) + 7?
14
Calculate 8 + -11 - (-7 + (-4 - 7)).
15
What is the value of (-267 - -251) + (20 - -1)?
5
Calculate 5 + 19 + (-35 - -17).
6
Evaluate -1 - 6 - (-9 - -12 - 6).
-4
0 + (15 - -10) + -13 + 10
22
Evaluate 22 - (-9 - -24) - 13.
-6
What is 0 + (3 - 7) + 8 + 2?
6
What is the value of (-10 + 9 + -10 - -25) + (0 - 2)?
12
What is -41 + (-18 - 8 - -44)?
-23
(1 - (2 - 5)) + (1 + -10 - -1)
-4
What is the value of -6 - 1 - -7 - -1 - (2 + 0)?
-1
-18 - (-12 - -10 - 13) - (-23 - -1)
19
What is (-5 + 24 - 19) + (0 - -9)?
9
-3 + 8 + -10 + -2 + 3 + 3
-1
(-7 - 1) + -4 + 6 + -1
-7
What is -2 - (-40 + 12) - (1 - -6)?
19
-18 + -19 - (2 + -5 + -7)
-27
Calculate 0 - (0 + -26) - (-58 - -65).
19
4 + 5 + (-13 - -5) - 5
-4
What is 0 + -1 + -8 + (13 - 9)?
-5
What is the value of 3 + (-7 - (-13 - -7)) - (1 + -13)?
14
Evaluate -29 + (30 - (9 + 0)).
-8
(-459 - -480) + -2 + 0
19
What is -1 + -2 + -1 - (-31 + 22)?
5
7 + (-14 - -12) - 7
-2
Calculate 0 + 13 - (1 + -3 + (-6 - -8)).
13
-21 + 7 - -32 - (0 - 4)
22
What is -10 + (47 - (9 + 15))?
13
((42 - 52) + (0 - 0) - -1) + -9
-18
Calculate 0 - ((-10 - (0 + 0 + -7)) + -3).
6
Evaluate -1 + 6 + (-15 - -24).
14
What is the value of 1 - -5 - (-3 + (32 - (2 + 3)))?
-18
Evaluate 33 - ((70 - 18) + -21).
2
-1 + 7 + -23 + 3 + 5 + -2
-11
What is 32 - (-36 + 67) - -9?
10
What is 4 + -6 + 4 + (3 - 1) + 2?
6
What is the value of (3 - (2 - -4)) + (-14 + 4 - 2)?
-15
Evaluate (-9 - -14) + 8 + 1.
14
Evaluate 3 - (-3 - 5) - -1.
12
10 + -15 + 4 + (-7 - -7)
-1
Evaluate 16 + -21 - -19 - -9.
23
Evaluate -21 + (9 - 21) - (-9 + 13).
-37
What is -4 + (0 - -1) + (22 - 10) - 1?
8
Evaluate -2 + 4 - -5 - 15.
-8
Calculate 8 + 15 + 9 + -38.
-6
-26 - -30 - (5 + 2 + -4) - 0
1
What is the value of (45 - 13) + (-48 - -36)?
20
4 + (5 - (0 - -26))
-17
What is the value of 8 + -14 + 0 + (6 - 6) + 1?
-5
Calculate (10 - 1) + -2 + (195 - 196).
6
6 - (3 + -6 - -6) - (7 - 1)
-3
What is 15 - (-11 - -20 - 12 - (-1 + -8))?
9
What is the value of (0 - 4) + -3 - (13 + -8)?
-12
What is (2 - -3 - 1) + (-23 - -19 - -11)?
11
What is -15 + 5 - (-30 + 17) - 4?
-1
What is -18 + (3 + 11 - 2) - (11 + -10)?
-7
(19 + -30 - -9) + -18
-20
What is (3 - 4) + (-1 - -1) + (-17 - -12)?
-6
(-8 + 9 - 5) + (1 - -6)
3
What is (6 - (-12 + -2) - 8) + 4 - -7?
23
What is 10 - (-3 - -8) - 8?
-3
41 + -42 + 6 + -1 - -9
13
What is the value of (0 - 18) + (37 - (-42 - -74))?
-13
-33 + (-3 - (30 + -76))
10
(-16 - -1) + -108 + 140
17
2 + 42 + (22 - (15 - -21))
30
Evaluate 5 + (-2 + -8 - -9).
4
(-44 - -33) + (37 - 1) + 2
27
(-7 + 3 + 2 - -7) + 6 + 0
11
What is -9 - (6 + 1) - (17 - 23)?
-10
What is the value of 1 + -17 - (-97 - (-156 - -53))?
-22
What is (2 - (-44 - -24)) + -9?
13
448 + -478 + (2 - 0)
-28
What is (13 - 23 - (-11 + 9)) + 21?
13
Evaluate -21 + 27 - (1 + 14).
-9
-159 + 144 - (-7 + 2 + 1 + -1)
-10
-14 - -8 - (0 - -8)
-14
What is the value of -5 + 17 - (-5 - (-1 + -2)) - 2?
12
19 - (21 + 6) - -25
17
Calculate -12 + 17 + (-1 - -1).
5
Calculate -48 + 50 - (-15 - -4 - -1).
12
Evaluate -1 + 1 - (15 - (11 - 8) - 6).
-6
(1 - -4 - 4) + (-29 - (-6 - 10))
-12
Evaluate 1373 - 1373 - (14 - -1).
-15
Calculate (-8 - -12 - 14) + -1 + 2.
-9
Evaluate 29 + 3 - 20 - 38.
-26
What is -6 + -4 + (-3 - (0 - -6)) - 2?
-21
What is -27 - (-15 - (15 - 18))?
-15
Evaluate 5 + 9 + 5 + -14.
5
-6 - (5 + 0 + -33 + -11 + 2)
31
What is -1159 + 1141 - (0 + -27)?
9
-11 + -3 + (-4 - -7) - (-18 + 24)
-17
Calculate -2 - -9 - ((2 - 6 - 1) + -9).
21
(50 - 44) + (10 - 9)
7
Evaluate 4 + -2 + 2 + 3 + (53 - 80).
-20
What is -22 - (-31 - -6 - -18) - -20?
5
What is -14 - (-26 - (7 - (9 - -8)))?
2
Evaluate (-1 - 10) + (7 - 7 - (3 + -4)).
-10
What is (7 + -17 - (4 + -8)) + 7?
1
(1 - 37 - 1) + 17
-20
What is the value of -19 + 31 + -10 - (-10 + 0 + 1)?
11
-9 + (13 - 14) + (3 - 8 - -23)
8
What is the value of 15 + 2 - 55 - -29?
-9
Evaluate 1 - 11 - (13 - (6 - 2)).
-19
Evaluate -2 - (-9 - (6 - (6 + 22))).
-15
What is 27 + (50 - 31 - 22)?
24
What is -296 - -285 - ((0 - 0) + -5)?
-6
Calculate 61 + -35 + (-6 - -7 - -2).
29
Calculate -3 + (9 - 3 - -3).
6
Calculate -2 + (4 - (-8 + 2 + (-17 - -22))).
3
What is 1 - (-2 + -2 - -12)?
-7
Evaluate (0 + 2 - 4 - -9) + 0.
7
Calculate 28 + -10 + (-19 - 0).
-1
(-27 - -22 - -4) + -12
-13
16 + -22 - (-4 + 1 - 2)
-1
Evaluate 230 - 245 - (1 - 17).
1
Calculate -9 - (2 + 0 - (3 + (7 - 3))).
-4
What is the value of 1 + -5 - (-3 + (19 - 9) + -11)?
0
Evaluate 5 - (-6 - -6) - (-5 - (-2 + 2)).
10
Evaluate -134 + 127 - ((-2 - 2) + 0).
-3
Calculate 32 - (29 + -16 + 19).
0
What is the value of 33 - 42 - (-5 - (-4 - 7))?
-15
(-20 + 6 - -9) + (0 - 3)
-8
Evaluate (-4 - -4) + (-13 - (-5 + (-9 - -7))).
-6
Evaluate 4 + (24 - (27 - 6)).
7
What is 3 + 0 + 0 + (-1 - (15 + 3))?
-16
-4 + 9 - -2 - 9
-2
(272 - 285) + (-3 - -19)
3
(11 - (5 - 7)) + 1 - (-8 + 15)
7
Evaluate -6 - 1 - ((22 - 2) + -1 + -16).
-10
What is the value of (-63 - 8) + 39 + -1?
-33
What is the value of 11 + -2 + 13 + -14?
8
Evaluate 9 + (-10 - -16) + (15 - 8) + 1.
23
What is the value of (13 - 6 - 7) + (1 - (3 + -15))?
13
Evaluate 28 + (-20 - -10) - 12.
6
50 + -44 + -2 + -13
-9
Calculate 5 - (-9 + 4 - (-11 - 14)).
-15
Calculate 13 + (12 - 12) + -1 + -18.
-6
Evaluate -13 + (38 - 27) + -9.
-11
(-18 - 1) + (-562 - -582)
1
(62 + -14 - 18) + -29
1
Evaluate -26 - (33 + -41) - -33.
15
What is the value of -11 - -2 - (-38 + 34)?
-5
Calculate 0 + -9 + 0 + 0 - (8485 + -8505).
11
Evaluate 4 - (0 - (-10 - -12)).
6
What is -4 + 6 + -9 - (7 - 29)?
15
5 + 2 + 1 + -30 + 29
7
Calculate -6 + 1 + 5 + (59 - 68).
-9
Evaluate -6 - (-17 - -23 - (8 + -14 - 5)).
-23
Calculate 26 + -5 + 10 + -8 - 5 - -1.
19
-5 - (-5 + 4 - 6 - 3)
5
Evaluate -68 + 15 + (-15 - -45).
-23
What is the value of (-6 - -4) + (12 + -3 + 2 - 1)?
8
E